5339
List the prime factors of 250160605.
5, 563, 88867
List the prime factors of 131984758.
2, 65992379
What are the prime factors of 1429630575?
3, 5, 2423, 7867
List the prime factors of 802210932.
2, 3, 19, 31, 12611
What are the prime factors of 3461252562?
2, 3, 67, 2870027
What are the prime factors of 91713245?
5, 13, 1410973
List the prime factors of 339415413.
3, 349, 324179
List the prime factors of 7085840447.
7, 21221, 47701
List the prime factors of 27233541.
3, 17, 23, 71, 109
List the prime factors of 126462597.
3, 1109, 38011
List the prime factors of 3704554565.
5, 20849, 35537
What are the prime factors of 813326374?
2, 7, 58094741
List the prime factors of 28922235.
3, 5, 61, 73, 433
List the prime factors of 26756652.
2, 3, 13, 171517
List the prime factors of 18064174.
2, 19, 61, 7793
List the prime factors of 6165386.
2, 19, 89, 1823
What are the prime factors of 826529749?
17, 48619397
List the prime factors of 130316265.
3, 5, 2895917
List the prime factors of 315032636.
2, 53, 1486003
List the prime factors of 3492689336.
2, 19507, 22381
What are the prime factors of 3745046929?
13, 22160041
What are the prime factors of 442036181?
229, 1930289
List the prime factors of 88238208.
2, 3, 61, 3767
What are the prime factors of 21329497?
7, 3047071
List the prime factors of 1078980790.
2, 5, 59, 1828781
List the prime factors of 2457912096.
2, 3, 1249, 6833
List the prime factors of 357088349.
17, 31, 677587
List the prime factors of 160718641.
23, 6987767
List the prime factors of 7886502380.
2, 5, 11279, 34961
What are the prime factors of 128519839?
7, 18359977
What are the prime factors of 1583595301?
37, 193, 211, 1051
What are the prime factors of 741220736?
2, 5790787
List the prime factors of 71658788.
2, 37, 484181
What are the prime factors of 1301624244?
2, 3, 17, 53, 40129
What are the prime factors of 2523405811?
751, 3360061
List the prime factors of 40593646.
2, 2657, 7639
List the prime factors of 5039347884.
2, 3, 19, 41, 59, 9137
What are the prime factors of 13044999?
3, 11, 395303
What are the prime factors of 796169485?
5, 159233897
What are the prime factors of 325539661?
89, 3657749
What are the prime factors of 510425127?
3, 56713903
What are the prime factors of 76868487?
3, 2846981
What are the prime factors of 79705461?
3, 11, 211, 11447
List the prime factors of 4573568314.
2, 7, 326683451
List the prime factors of 114674836.
2, 151, 189859
List the prime factors of 187357170.
2, 3, 5, 7, 11, 13, 17, 367
List the prime factors of 71626625.
5, 7, 109, 751
List the prime factors of 498870690.
2, 3, 5, 23, 47, 15383
List the prime factors of 83258103.
3, 37, 47, 15959
What are the prime factors of 2157097100?
2, 5, 4423, 4877
What are the prime factors of 1457160465?
3, 5, 59, 1646509
What are the prime factors of 7940998604?
2, 7, 11, 3683209
List the prime factors of 327963309.
3, 89, 1228327
List the prime factors of 41605805.
5, 8321161
List the prime factors of 106837637.
1453, 73529
What are the prime factors of 107511933?
3, 271, 132241
What are the prime factors of 2023065822?
2, 3, 421, 800897
List the prime factors of 385683758.
2, 67, 1489, 1933
List the prime factors of 108547261.
17, 29, 220177
List the prime factors of 3143381197.
11, 47, 552731
List the prime factors of 70975913.
8231, 8623
List the prime factors of 565641105.
3, 5, 61, 503, 1229
What are the prime factors of 645809279?
79, 103, 79367
List the prime factors of 724806074.
2, 362403037
List the prime factors of 100792618.
2, 61, 826169
List the prime factors of 2203618373.
11, 89, 2250887
List the prime factors of 3097810608.
2, 3, 47, 1151, 1193
What are the prime factors of 1005684063?
3, 53, 733, 8629
What are the prime factors of 85349216?
2, 19, 229, 613
What are the prime factors of 36077707?
31, 103, 11299
List the prime factors of 144728104.
2, 71, 254803
What are the prime factors of 1757798919?
3, 47, 317, 13109
List the prime factors of 8839727.
13, 373, 1823
What are the prime factors of 687775890?
2, 3, 5, 29, 790547
List the prime factors of 240113344.
2, 163, 23017
What are the prime factors of 1932273562?
2, 23, 97, 433051
List the prime factors of 487877142.
2, 3, 347, 234331
What are the prime factors of 115153259?
13, 53, 97, 1723
List the prime factors of 184563828.
2, 3, 67, 76519
What are the prime factors of 138842860?
2, 5, 13, 379, 1409
List the prime factors of 2713425912.
2, 3, 61, 205937
List the prime factors of 634670404.
2, 10771, 14731
List the prime factors of 1351371278.
2, 257, 2629127
List the prime factors of 2093419805.
5, 853, 490837
List the prime factors of 5234346528.
2, 3, 31, 83, 21191
What are the prime factors of 39328081?
13, 19, 159223
What are the prime factors of 247895077?
997, 248641
List the prime factors of 309325874.
2, 11, 13, 31, 139, 251
List the prime factors of 2598158100.
2, 3, 5, 8660527
List the prime factors of 1143740879.
41, 27896119
What are the prime factors of 4004389315?
5, 800877863
What are the prime factors of 499239084?
2, 3, 2677, 15541
What are the prime factors of 465406230?
2, 3, 5, 15513541
What are the prime factors of 957533705?
5, 191506741
What are the prime factors of 977364289?
11, 17, 5226547
List the prime factors of 377346111.
3, 125782037
What are the prime factors of 2423236280?
2, 5, 1789, 33863
What are the prime factors of 12430249?
13, 53, 18041
What are the prime factors of 806241149?
7, 23, 31, 47, 491
List the prime factors of 678041169.
3, 13, 37, 61, 7703
List the prime factors of 2405829934.
2, 131, 9182557
List the prime factors of 799998842.
2, 399999421
List the prime factors of 1147220724.
2, 3, 13, 17, 432587
List the prime factors of 34240969.
7, 4891567
List the prime factors of 5872024.
2, 734003
What are the prime factors of 1032156233?
173, 359, 16619
List the prime factors of 10203105.
3, 5, 11, 61837
List the prime factors of 297362683.
67, 229, 19381
List the prime factors of 1701571146.
2, 3, 11, 43, 127, 4721
What are the prime factors of 7507524786?
2, 3, 1251254131
What are the prime factors of 3351104098?
2, 709, 2363261
List the prime factors of 13076581.
7, 23, 41, 283
List the prime factors of 612311510.
2, 5, 29, 2111419
What are the prime factors of 27826542?
2, 3, 167, 9257
What are the prime factors of 50141823?
3, 17, 983173
List the prime factors of 1286674881.
3, 83, 181, 28549
List the prime factors of 43651773.
3, 11, 67, 6581
What are the prime factors of 53491889?
11, 809, 6011
List the prime factors of 129362221.
129362221
List the prime factors of 8985156131.
7, 1087, 1180859
What are the prime factors of 221964791?
139, 1596869
List the prime factors of 230481121.
13, 17, 1042901
List the prime factors of 832193298.
2, 3, 15410987
List the prime factors of 789258975.
3, 5, 1193, 8821
List the prime factors of 289913812.
2, 29, 2499257
What are the prime factors of 3460747779?
3, 103, 1367, 2731
List the prime factors of 30326576.
2, 7, 29, 9337
List the prime factors of 1217126885.
5, 13, 18725029
List the prime factors of 161107712.
2, 359, 1753
List the prime factors of 1396314312.
2, 3, 17, 83, 41233
What are the prime factors of 36100230?
2, 3, 5, 47, 25603
List the prime factors of 302556713.
139, 2176667
What are the prime factors of 1243199193?
3, 414399731
List the prime factors of 5283643388.
2, 1320910847
List the prime factors of 4429715.
5, 885943
List the prime factors of 369271702.
2, 43, 251, 17107
What are the prime factors of 14242194?
2, 3, 791233
List the prime factors of 127180338.
2, 3, 19, 67, 16651
List the prime factors of 20737308.
2, 3, 41, 113, 373
What are the prime factors of 673386225?
3, 5, 373, 24071
What are the prime factors of 973864787?
7, 271, 513371
What are the prime factors of 56181853?
7, 13, 47491
What are the prime factors of 40652464?
2, 911, 2789
List the prime factors of 853021306.
2, 4651, 91703
What are the prime factors of 61981411?
61981411
List the prime factors of 624311170.
2, 5, 7, 31, 287701
What are the prime factors of 50320525?
5, 2012821
What are the prime factors of 1549500657?
3, 43, 59, 163, 1249
What are the prime factors of 161317885?
5, 19, 281, 6043
What are the prime factors of 305981278?
2, 41, 509, 7331
List the 